sor of 9 and 27.
9
What is the greatest common factor of 1548 and 162?
18
Calculate the highest common factor of 1235 and 6365.
95
Calculate the greatest common divisor of 779 and 205.
41
Calculate the highest common divisor of 372 and 279.
93
Calculate the highest common divisor of 1655 and 10.
5
Calculate the greatest common factor of 6 and 6660.
6
What is the greatest common divisor of 440 and 3410?
110
Calculate the greatest common divisor of 2842 and 174.
58
Calculate the highest common divisor of 126 and 1554.
42
Calculate the highest common factor of 498 and 24.
6
Calculate the highest common divisor of 75256 and 184.
184
What is the greatest common factor of 180 and 99?
9
Calculate the greatest common divisor of 1133 and 824.
103
Calculate the highest common divisor of 60 and 870.
30
Calculate the greatest common factor of 1539 and 57.
57
Calculate the highest common factor of 110 and 410.
10
Calculate the greatest common factor of 2260 and 20.
20
Calculate the greatest common factor of 10500 and 140.
140
Calculate the highest common divisor of 263 and 71273.
263
Calculate the greatest common factor of 28574 and 2.
2
Calculate the greatest common factor of 87 and 6.
3
What is the highest common factor of 27 and 1?
1
What is the highest common divisor of 9 and 1233?
9
What is the greatest common divisor of 10397 and 562?
281
What is the greatest common factor of 70 and 245?
35
What is the highest common factor of 22 and 7051?
11
Calculate the greatest common divisor of 96 and 4152.
24
What is the highest common factor of 16 and 7328?
16
What is the highest common divisor of 8 and 2510?
2
What is the greatest common factor of 42 and 6230?
14
Calculate the highest common factor of 2533 and 17.
17
Calculate the greatest common divisor of 75 and 1250.
25
What is the highest common factor of 14 and 1925?
7
Calculate the greatest common factor of 2772 and 528.
132
Calculate the highest common divisor of 4074 and 42.
42
Calculate the greatest common divisor of 190 and 57.
19
Calculate the greatest common divisor of 9450 and 30.
30
Calculate the greatest common divisor of 247 and 65.
13
Calculate the greatest common divisor of 24 and 224.
8
Calculate the greatest common factor of 6 and 129.
3
What is the highest common divisor of 57 and 3135?
57
Calculate the highest common divisor of 63 and 252.
63
Calculate the highest common factor of 144 and 528.
48
What is the highest common factor of 44 and 4136?
44
Calculate the greatest common divisor of 1024 and 1136.
16
Calculate the greatest common factor of 150 and 75.
75
Calculate the highest common divisor of 30 and 3030.
30
Calculate the highest common factor of 511 and 292.
73
What is the highest common factor of 1127 and 98?
49
What is the highest common divisor of 190 and 15390?
190
What is the highest common divisor of 73 and 29?
1
Calculate the greatest common divisor of 4220 and 30.
10
Calculate the highest common divisor of 18 and 1872.
18
Calculate the highest common divisor of 27 and 25947.
27
Calculate the highest common factor of 26 and 962.
26
What is the highest common factor of 205 and 369?
41
Calculate the greatest common divisor of 1 and 79.
1
Calculate the greatest common factor of 111 and 407.
37
What is the greatest common factor of 100 and 1420?
20
What is the highest common factor of 27 and 1170?
9
Calculate the highest common divisor of 1910 and 50.
10
What is the greatest common factor of 2934 and 18?
18
Calculate the highest common factor of 48 and 1992.
24
Calculate the greatest common factor of 143 and 11.
11
Calculate the highest common factor of 5 and 65.
5
What is the greatest common factor of 91 and 49?
7
What is the highest common divisor of 3757 and 13?
13
Calculate the highest common factor of 185 and 37.
37
Calculate the highest common factor of 105846 and 46.
46
Calculate the highest common factor of 104 and 80.
8
Calculate the highest common factor of 8384 and 131.
131
Calculate the highest common divisor of 4512 and 24.
24
Calculate the greatest common factor of 99 and 18.
9
Calculate the highest common factor of 66 and 1254.
66
Calculate the greatest common factor of 135 and 225.
45
What is the greatest common factor of 80 and 230?
10
Calculate the highest common divisor of 113 and 2.
1
What is the greatest common divisor of 618 and 30?
6
Calculate the highest common divisor of 6 and 194.
2
Calculate the greatest common factor of 12 and 402.
6
Calculate the greatest common divisor of 276 and 1863.
69
What is the greatest common factor of 2910 and 60?
30
Calculate the highest common factor of 98 and 126.
14
Calculate the highest common divisor of 16 and 1360.
16
What is the highest common factor of 105 and 6965?
35
What is the highest common factor of 33 and 396?
33
Calculate the greatest common divisor of 273 and 42.
21
Calculate the greatest common divisor of 817 and 172.
43
What is the greatest common divisor of 11 and 8547?
11
Calculate the greatest common factor of 40 and 1270.
10
What is the greatest common factor of 162 and 8586?
162
Calculate the greatest common factor of 3180 and 144.
12
What is the highest common divisor of 196 and 238?
14
What is the greatest common factor of 133 and 14?
7
Calculate the highest common factor of 208 and 496.
16
Calculate the highest common divisor of 36 and 5196.
12
What is the greatest common factor of 133 and 38?
19
What is the highest common factor of 320 and 576?
64
What is the greatest common factor of 3757 and 39?
13
Calculate the highest common factor of 2346 and 506.
46
Calculate the greatest common divisor of 22 and 616.
22
Calculate the greatest common factor of 20 and 160.
20
Calculate the highest common factor of 8 and 504.
8
Calculate the highest common factor of 466 and 2.
2
What is the greatest common factor of 7035 and 105?
105
What is the greatest common divisor of 1005 and 15?
15
What is the greatest common factor of 1275 and 375?
75
Calculate the greatest common divisor of 451 and 132.
11
What is the greatest common divisor of 32 and 64?
32
Calculate the highest common divisor of 138 and 2.
2
What is the greatest common factor of 18 and 234?
18
Calculate the highest common divisor of 1232 and 11.
11
What is the highest common factor of 26 and 25402?
26
What is the greatest common divisor of 288 and 36?
36
What is the greatest common factor of 20 and 2540?
20
Calculate the highest common divisor of 154 and 66.
22
What is the greatest common factor of 50 and 75?
25
What is the highest common factor of 289 and 34?
17
What is the highest common factor of 19 and 4579?
19
What is the highest common factor of 176 and 656?
16
Calculate the greatest common factor of 2686 and 102.
34
What is the greatest common factor of 44 and 66?
22
Calculate the highest common divisor of 64 and 4.
4
What is the greatest common factor of 58 and 1769?
29
What is the highest common divisor of 54 and 20790?
54
What is the highest common divisor of 18 and 72?
18
What is the highest common factor of 340 and 374?
34
Calculate the greatest common factor of 2233 and 66.
11
Calculate the highest common factor of 36 and 59.
1
What is the highest common factor of 108 and 8?
4
What is the highest common divisor of 1792 and 96?
32
Calculate the greatest common factor of 24 and 776.
8
Calculate the highest common factor of 20356 and 28.
28
What is the highest common factor of 186 and 217?
31
What is the greatest common divisor of 371 and 583?
53
Calculate the highest common factor of 17820 and 440.
220
What is the highest common factor of 26138 and 28?
14
Calculate the greatest common factor of 134 and 469.
67
What is the highest common factor of 3507 and 167?
167
What is the highest common divisor of 7 and 2471?
7
What is the greatest common divisor of 5440 and 20?
20
Calculate the greatest common factor of 18 and 4554.
18
Calculate the greatest common divisor of 85 and 51.
17
Calculate the greatest common divisor of 27 and 57.
3
What is the highest common divisor of 2624 and 164?
164
What is the greatest common divisor of 99 and 143?
11
What is the highest common divisor of 1 and 191?
1
Calculate the greatest common factor of 312 and 234.
78
What is the greatest common divisor of 930 and 45?
15
What is the greatest common factor 